{"id":731,"date":"2020-06-25T12:56:30","date_gmt":"2020-06-25T15:56:30","guid":{"rendered":"https:\/\/eba.ufmg.br\/pos\/profartes\/?page_id=731"},"modified":"2020-06-30T09:30:42","modified_gmt":"2020-06-30T12:30:42","slug":"instrucoes-para-solicitacao-de-auxilio-diarias-e-passagens-para-participar-de-eventos","status":"publish","type":"page","link":"https:\/\/profartes.eba.ufmg.br\/index.php\/instrucoes-para-solicitacao-de-auxilio-diarias-e-passagens-para-participar-de-eventos\/","title":{"rendered":"Instru\u00e7\u00f5es para solicita\u00e7\u00e3o de aux\u00edlio, di\u00e1rias e passagens para participar de eventos"},"content":{"rendered":"\n<p><\/p>\n\n\n\n<p><\/p>\n\n\n\n<ul class=\"wp-block-list\"><li><a rel=\"noreferrer noopener\" href=\"https:\/\/www.udesc.br\/arquivos\/ceart\/id_cpmenu\/3250\/Formul_rio_de_Solicita__o_de_Passagens_e_Hospedagem_15835131937548_3250.docx\" target=\"_blank\">Solicita\u00e7\u00e3o de Passagens\u00a0e Hospedagem<\/a>\u00a0(<strong>para docentes, alunos\/as e convidados\/as da rede PROF-ARTES<\/strong>)<\/li><li><a rel=\"noreferrer noopener\" href=\"https:\/\/www.udesc.br\/arquivos\/ceart\/id_cpmenu\/3250\/modelo_recibo_anexo_III_IN_15_2016_Modelo_A_15544738140178_3250_15716825581295_3250.docx\" target=\"_blank\">Recibo Presta\u00e7\u00e3o de contas &#8211;\u00a0ANEXO III &#8211; INSTRU\u00c7\u00c3O NORMATIVA N.\u00ba 015\/2016<strong> &#8211;\u00a0MODELO \u201cA\u201d<\/strong><\/a> <\/li><\/ul>\n\n\n\n<p><\/p>\n","protected":false},"excerpt":{"rendered":"<p>Solicita\u00e7\u00e3o de Passagens\u00a0e Hospedagem\u00a0(para docentes, alunos\/as e convidados\/as da rede PROF-ARTES) Recibo Presta\u00e7\u00e3o de contas &#8211;\u00a0ANEXO III &#8211; INSTRU\u00c7\u00c3O NORMATIVA N.\u00ba 015\/2016 &#8211;\u00a0MODELO \u201cA\u201d<\/p>\n","protected":false},"author":3,"featured_media":0,"parent":0,"menu_order":0,"comment_status":"closed","ping_status":"closed","template":"","meta":{"_uag_custom_page_level_css":"","footnotes":""},"class_list":["post-731","page","type-page","status-publish","hentry"],"uagb_featured_image_src":{"full":false,"thumbnail":false,"medium":false,"medium_large":false,"large":false,"1536x1536":false,"2048x2048":false,"post-thumbnail":false},"uagb_author_info":{"display_name":"","author_link":"https:\/\/profartes.eba.ufmg.br\/index.php\/author\/"},"uagb_comment_info":0,"uagb_excerpt":"Solicita\u00e7\u00e3o de Passagens\u00a0e Hospedagem\u00a0(para docentes, alunos\/as e convidados\/as da rede PROF-ARTES) Recibo Presta\u00e7\u00e3o de contas &#8211;\u00a0ANEXO III &#8211; INSTRU\u00c7\u00c3O NORMATIVA N.\u00ba 015\/2016 &#8211;\u00a0MODELO \u201cA\u201d","_links":{"self":[{"href":"https:\/\/profartes.eba.ufmg.br\/index.php\/wp-json\/wp\/v2\/pages\/731","targetHints":{"allow":["GET"]}}],"collection":[{"href":"https:\/\/profartes.eba.ufmg.br\/index.php\/wp-json\/wp\/v2\/pages"}],"about":[{"href":"https:\/\/profartes.eba.ufmg.br\/index.php\/wp-json\/wp\/v2\/types\/page"}],"author":[{"embeddable":true,"href":"https:\/\/profartes.eba.ufmg.br\/index.php\/wp-json\/wp\/v2\/users\/3"}],"replies":[{"embeddable":true,"href":"https:\/\/profartes.eba.ufmg.br\/index.php\/wp-json\/wp\/v2\/comments?post=731"}],"version-history":[{"count":3,"href":"https:\/\/profartes.eba.ufmg.br\/index.php\/wp-json\/wp\/v2\/pages\/731\/revisions"}],"predecessor-version":[{"id":848,"href":"https:\/\/profartes.eba.ufmg.br\/index.php\/wp-json\/wp\/v2\/pages\/731\/revisions\/848"}],"wp:attachment":[{"href":"https:\/\/profartes.eba.ufmg.br\/index.php\/wp-json\/wp\/v2\/media?parent=731"}],"curies":[{"name":"wp","href":"https:\/\/api.w.org\/{rel}","templated":true}]}}